mon factor of 105 and k?
15
Let g = 4 + -3. Let o = -342 - -349. What is the greatest common factor of o and g?
1
Let i = 103 - 73. Suppose 3*r = r + i. Calculate the greatest common factor of 30 and r.
15
Suppose 3*u + 16 = 3*i + 2*u, 2*u + 8 = 0. Calculate the greatest common divisor of i and 20.
4
Let h = -12 - -18. Let a(r) = -13*r + 4. Let z be a(h). Let j be 4/6 - z/6. What is the greatest common divisor of j and 117?
13
Let d(y) = 5*y**2 + y - 4. Let s be d(4). What is the highest common divisor of 32 and s?
16
Suppose 0 = -5*r + 10 + 90. Suppose 2*k = 4*o, 4*o - 4 = -2*k + r. Let b(p) = 5*p. Let i be b(6). What is the highest common factor of i and k?
6
Let n = -86 + 91. Let r(p) = -p**2 - 4*p + 1. Let t be r(-2). What is the greatest common divisor of t and n?
5
Let c(w) = w**3 + 4*w**2 - 5*w + 4. Let l = -24 - -19. Let v be c(l). What is the highest common divisor of 44 and v?
4
Let o(a) = -3*a**3 + 3*a. Let i = -3 + 0. Let d be o(i). Calculate the greatest common divisor of 9 and d.
9
Let v = 29 + 1. What is the highest common factor of 10 and v?
10
Let n be (5 + 2)*(-90)/(-21). Let x(m) = 2*m**2 - 2*m - 5. Let r be x(4). Suppose g = -2, -g + 9 = 5*a - r. What is the greatest common divisor of n and a?
6
Let j = 52 - 19. Let d be 1 + (-2)/(-1)*-2. Let a = d + 25. What is the highest common factor of j and a?
11
Let m(a) = -a**3 + 10*a**2 - 10*a + 20. Let k be m(9). What is the highest common divisor of 77 and k?
11
Let i be 1*(-3)/(-1) + 1. Let j be i/((-4)/30*-3). Suppose -2*h + 4*z - z = -11, 0 = -4*h - 2*z + 46. Calculate the greatest common factor of j and h.
10
Let l(s) = s**2 - 6*s + 11. Let f be l(5). Calculate the greatest common factor of f and 9.
3
Suppose 0 = -0*x - 3*x + 6. Let t be (-5)/(-10)*(-4)/x. Let h be -1 - t - 0 - -30. Calculate the highest common divisor of 6 and h.
6
Let y be (-1 + 2)/(2/220). Let q(x) = -2*x**2 + 39*x + 3. Let h be q(19). Calculate the greatest common divisor of y and h.
22
Suppose 4 = -4*g, r - 4*r + 2*g = -23. What is the greatest common divisor of r and 21?
7
Let v(a) = -a**3 + 3*a**2 - a - 2. Let c be v(2). Let s = c - -1. Let n be 36/s*5/10. Calculate the greatest common factor of n and 18.
18
Let j(y) = 12*y**2 + 3*y + 3. Let s be j(-2). Suppose 30 = -7*q + 13*q. Calculate the highest common divisor of s and q.
5
Let f be 3/(-12) - 42/(-8). What is the greatest common divisor of 2 and f?
1
Suppose -2*c + 1 = -33. Let v(b) = 17*b**3 + b**2 - b - 2. Suppose 9 = -n + 11. Let l be v(n). Calculate the greatest common factor of c and l.
17
Let g be (8/10)/((-4)/(-70)). Suppose 2*h + 4 = -4*f, -2*f = 4*h - 5*f - g. Let b be 2 - h/4*0. What is the highest common factor of 6 and b?
2
Let n be (-340)/(-6) + 2/6. Suppose 0 = -12*x + 9*x + 12. Suppose x*c = -4*d + 168, 0*c - d - 110 = -3*c. What is the greatest common factor of c and n?
19
Let s be 2/(-3) + (-10)/(-6). Let t(m) be the third derivative of m**4/24 - 5*m**3/6 - m**2. Let u be t(7). Calculate the highest common factor of s and u.
1
Suppose 5*g + h - 294 - 3 = 0, 0 = -5*g - 4*h + 288. What is the greatest common factor of g and 12?
12
Let r be ((0/(-2))/(-1))/2. Let b = r + 1. Suppose 17 = 4*x + 5*i - 6, 11 = -2*x + 5*i. Calculate the greatest common divisor of x and b.
1
Let c be (-105)/60 + 2/(-8) + 354. What is the highest common divisor of 22 and c?
22
Let c(v) = v**3 + 2*v**2 - v + 2. Let m be c(-6). Let z be (-4)/6*(m - -1). What is the greatest common divisor of z and 18?
18
Suppose 3 - 5 = 2*v - 4*t, 2*v + 2*t = 10. Calculate the highest common factor of 33 and v.
3
Let i(n) = 5*n**2 - 12*n + 11. Let p be i(6). Let t = 6 + -2. Let j be (-2)/t + 70/4. Calculate the highest common factor of p and j.
17
Let k(a) = -a**2 - 10*a - 9. Let r be k(-8). Calculate the greatest common factor of 28 and r.
7
Suppose -8*b = -5*b - 6. Calculate the highest common factor of 8 and b.
2
Let v(p) = 20*p**2 + p + 1. Let t be v(-1). Calculate the greatest common factor of 20 and t.
20
Let h be (-3 - -138) + (-8)/4. Calculate the greatest common factor of 19 and h.
19
Suppose 16 = -2*k + 4. Let b be -18*(-1 + (-2)/k). What is the greatest common factor of 4 and b?
4
Let p = 60 + -52. What is the highest common factor of p and 1?
1
Let f = -182 + 262. Suppose 0 = -3*u + k - f, u + 8 = -0*u + 5*k. Let n = -7 - u. What is the highest common divisor of n and 14?
7
Suppose 0 = -d - 5*g + 165, 4*d + 0*d - 2*g = 726. Suppose i - d = -5*i. What is the highest common divisor of 10 and i?
10
Let i = -36 - -68. Suppose -i = -2*b - 0*b. Calculate the greatest common divisor of b and 176.
16
Suppose 5*v = -4*g + 134, 5*v - 8 = v. Calculate the highest common factor of 31 and g.
31
Let m(p) = -2*p + 12. Let q be m(6). Suppose -7*w + 2*w + 840 = q. Calculate the greatest common factor of w and 21.
21
Let v = -78 - -101. Calculate the highest common factor of v and 184.
23
Suppose -c - 54 = -3*c. Let i(k) = -2*k - 9. Let h be i(-6). Let u = 6 - h. Calculate the greatest common divisor of c and u.
3
Suppose 0*k = -5*k + 45. Let u be -13*k/15*-5. What is the highest common factor of 26 and u?
13
Suppose -3*g - 8 = -2*t + 172, 360 = 4*t - 4*g. Calculate the highest common divisor of t and 18.
18
Suppose -98 + 3 = 5*z. Let s = z - -65. Let h = -32 + s. What is the greatest common divisor of h and 14?
14
Suppose 0 = -2*y - 1 + 5. What is the greatest common divisor of 8 and y?
2
Let z be 10/(1*(-5)/(-10)). What is the greatest common divisor of 20 and z?
20
Suppose 0 = -5*p - 2*a + 252, -2*p + 30 = -a - 69. What is the greatest common factor of p and 10?
10
Suppose -g + 2 + 3 = 0. What is the highest common factor of g and 45?
5
Suppose -d = 3*d - 12. Let m(k) = k**3 - 2*k**2 + 2*k. Let j = -7 - -10. Let t be m(j). Calculate the highest common factor of t and d.
3
Let f(d) = 85*d**3 - 1. Let x be f(1). Let o be 8/36 - (-1004)/18. Calculate the greatest common factor of o and x.
28
Suppose 4*h - 5*h + 28 = 0. Suppose 0 = 22*f - 30 - 124. Calculate the greatest common factor of h and f.
7
Suppose -3*s + 105 = -126. Calculate the greatest common divisor of s and 11.
11
Suppose 3*b = q - 33, -2*b = -5*q + 101 + 25. Let f = q + -2. What is the highest common factor of 55 and f?
11
Suppose 3*x - 2*w - 43 = 2*x, -3*x = -2*w - 113. What is the highest common factor of 7 and x?
7
Suppose 4*g = 7*g - 3. Calculate the greatest common divisor of 1 and g.
1
Suppose -11 = k - 41. Calculate the greatest common divisor of 105 and k.
15
Let z(l) = -l + 16. Let h be z(10). Suppose 195 = 4*j - 3*c + h*c, -5*j + 245 = 4*c. Calculate the greatest common factor of j and 5.
5
Let a(o) = -40*o - 3. Let z be a(-2). Suppose -15 = 3*y, y - 107 = -3*v - 37. Let q = v - 18. What is the highest common factor of z and q?
7
Suppose -5*s = -9 - 11. Suppose 18 = x - 2*m + 5, s*m + 1 = -3*x. Let g = -5 + 25. Calculate the highest common factor of g and x.
5
Let n be (2691/52)/((-1)/(-4)). Calculate the highest common divisor of 9 and n.
9
Let i(x) = -4*x**2 + 10*x + 33. Let o(q) = -2*q**2 + 5*q + 16. Let a(b) = 4*i(b) - 9*o(b). Let c be a(6). Calculate the highest common divisor of 20 and c.
10
Let x be ((-6)/4*6)/((-60)/40). Calculate the highest common divisor of x and 6.
6
Suppose 0 = 6*p - 4*p - 124. What is the highest common factor of 93 and p?
31
Let a = -10 + 13. Calculate the greatest common factor of 9 and a.
3
Let v be 35/2 + 2/(-4). Let d(i) = -16*i - 2. Let z be d(-2). Suppose 0 = -2*k + z + 4. What is the highest common divisor of k and v?
17
Let t(q) = -q**3 - 7*q**2 - 6*q + 3. Let h be t(-6). Let r = 25 + 8. Calculate the highest common factor of h and r.
3
Suppose -5*x + x + 5*q - 1 = 0, 4*q + 24 = -3*x. Let g be 19/2 - x/8. Suppose -28 = 4*i - 88. What is the highest common factor of i and g?
5
Suppose 0 = -3*c, 4*s - 2*c = -3*c + 556. Suppose 2*q + 3*n - 2*n = s, -2*q - 5*n + 135 = 0. Calculate the greatest common factor of q and 14.
14
Let v(m) = -m**2 + 12*m - 13. Let x be v(10). Let q be 4 - x*-5*1. What is the greatest common divisor of q and 26?
13
Suppose -18 = r - 12. Let x be ((-60)/18)/(1/r). What is the highest common factor of x and 140?
20
Suppose -51 = 3*s - 4*s. Let u = 87 - s. Let t be (-2)/(-4) - 14/(-4). What is the greatest common factor of t and u?
4
Let g(n) = 1